[INFO] fetching crate redox_event 0.1.0...
[INFO] checking redox_event-0.1.0 against try#72f88fc4e9458f89516a0b8b0868f3718aec5b47 for pr-74989
[INFO] extracting crate redox_event 0.1.0 into /workspace/builds/worker-8/source
[INFO] validating manifest of crates.io crate redox_event 0.1.0 on toolchain 72f88fc4e9458f89516a0b8b0868f3718aec5b47
[INFO] running `Command { std: "/workspace/cargo-home/bin/cargo" "+72f88fc4e9458f89516a0b8b0868f3718aec5b47" "read-manifest" "--manifest-path" "Cargo.toml", kill_on_drop: false }`
[INFO] started tweaking crates.io crate redox_event 0.1.0
[INFO] finished tweaking crates.io crate redox_event 0.1.0
[INFO] tweaked toml for crates.io crate redox_event 0.1.0 written to /workspace/builds/worker-8/source/Cargo.toml
[INFO] running `Command { std: "/workspace/cargo-home/bin/cargo" "+72f88fc4e9458f89516a0b8b0868f3718aec5b47" "generate-lockfile" "--manifest-path" "Cargo.toml" "-Zno-index-update", kill_on_drop: false }`
[INFO] running `Command { std: "/workspace/cargo-home/bin/cargo" "+72f88fc4e9458f89516a0b8b0868f3718aec5b47" "fetch" "--locked" "--manifest-path" "Cargo.toml", kill_on_drop: false }`
[INFO] running `Command { std: "docker" "create" "-v" "/var/lib/crater-agent-workspace/builds/worker-8/target:/opt/rustwide/target:rw,Z" "-v" "/var/lib/crater-agent-workspace/builds/worker-8/source:/opt/rustwide/workdir:ro,Z" "-v" "/var/lib/crater-agent-workspace/cargo-home:/opt/rustwide/cargo-home:ro,Z" "-v" "/var/lib/crater-agent-workspace/rustup-home:/opt/rustwide/rustup-home:ro,Z" "-e" "SOURCE_DIR=/opt/rustwide/workdir" "-e" "CARGO_TARGET_DIR=/opt/rustwide/target" "-e" "CARGO_HOME=/opt/rustwide/cargo-home" "-e" "RUSTUP_HOME=/opt/rustwide/rustup-home" "-w" "/opt/rustwide/workdir" "-m" "1610612736" "--user" "0:0" "--network" "none" "rustops/crates-build-env@sha256:d92eaeed33fa75130ca1ee6c8a01d1ffb62bac859dfdfb3450e3e5d1c0146529" "/opt/rustwide/cargo-home/bin/cargo" "+72f88fc4e9458f89516a0b8b0868f3718aec5b47" "metadata" "--no-deps" "--format-version=1", kill_on_drop: false }`
[INFO] [stdout] 116a1a26cb5d873a6509bbd996b71d2b114d76a11df805bd1948554cf216cb3b
[INFO] [stderr] WARNING: Your kernel does not support swap limit capabilities or the cgroup is not mounted. Memory limited without swap.
[INFO] running `Command { std: "docker" "start" "-a" "116a1a26cb5d873a6509bbd996b71d2b114d76a11df805bd1948554cf216cb3b", kill_on_drop: false }`
[INFO] running `Command { std: "docker" "inspect" "116a1a26cb5d873a6509bbd996b71d2b114d76a11df805bd1948554cf216cb3b", kill_on_drop: false }`
[INFO] running `Command { std: "docker" "rm" "-f" "116a1a26cb5d873a6509bbd996b71d2b114d76a11df805bd1948554cf216cb3b", kill_on_drop: false }`
[INFO] [stdout] 116a1a26cb5d873a6509bbd996b71d2b114d76a11df805bd1948554cf216cb3b
[INFO] running `Command { std: "docker" "create" "-v" "/var/lib/crater-agent-workspace/builds/worker-8/target:/opt/rustwide/target:rw,Z" "-v" "/var/lib/crater-agent-workspace/builds/worker-8/source:/opt/rustwide/workdir:ro,Z" "-v" "/var/lib/crater-agent-workspace/cargo-home:/opt/rustwide/cargo-home:ro,Z" "-v" "/var/lib/crater-agent-workspace/rustup-home:/opt/rustwide/rustup-home:ro,Z" "-e" "SOURCE_DIR=/opt/rustwide/workdir" "-e" "CARGO_TARGET_DIR=/opt/rustwide/target" "-e" "CARGO_INCREMENTAL=0" "-e" "RUST_BACKTRACE=full" "-e" "RUSTFLAGS=--cap-lints=forbid" "-e" "CARGO_HOME=/opt/rustwide/cargo-home" "-e" "RUSTUP_HOME=/opt/rustwide/rustup-home" "-w" "/opt/rustwide/workdir" "-m" "1610612736" "--user" "0:0" "--network" "none" "rustops/crates-build-env@sha256:d92eaeed33fa75130ca1ee6c8a01d1ffb62bac859dfdfb3450e3e5d1c0146529" "/opt/rustwide/cargo-home/bin/cargo" "+72f88fc4e9458f89516a0b8b0868f3718aec5b47" "check" "--frozen" "--all" "--all-targets" "--message-format=json", kill_on_drop: false }`
[INFO] [stderr] WARNING: Your kernel does not support swap limit capabilities or the cgroup is not mounted. Memory limited without swap.
[INFO] [stdout] 4528df52d63d604c37e299c4ffa6e15785ef5dd6e5c9c574c59f980a48473ebb
[INFO] running `Command { std: "docker" "start" "-a" "4528df52d63d604c37e299c4ffa6e15785ef5dd6e5c9c574c59f980a48473ebb", kill_on_drop: false }`
[INFO] [stderr]     Checking redox_syscall v0.1.57
[INFO] [stderr]     Checking redox_event v0.1.0 (/opt/rustwide/workdir)
[INFO] [stdout] error[E0425]: cannot find function `fevent` in crate `syscall`
[INFO] [stdout]   --> src/lib.rs:34:18
[INFO] [stdout]    |
[INFO] [stdout] 34 |         syscall::fevent(fd as usize, syscall::EVENT_READ).map_err(|x| Error::from_raw_os_error(x.errno))?;
[INFO] [stdout]    |                  ^^^^^^ not found in `syscall`
[INFO] [stdout] 
[INFO] [stdout] 
[INFO] [stdout] error[E0425]: cannot find function `fevent` in crate `syscall`
[INFO] [stdout]   --> src/lib.rs:44:22
[INFO] [stdout]    |
[INFO] [stdout] 44 |             syscall::fevent(fd as usize, 0).map_err(|x| Error::from_raw_os_error(x.errno))?;
[INFO] [stdout]    |                      ^^^^^^ not found in `syscall`
[INFO] [stdout] 
[INFO] [stdout] 
[INFO] [stdout] warning: trait objects without an explicit `dyn` are deprecated
[INFO] [stdout]   --> src/lib.rs:12:36
[INFO] [stdout]    |
[INFO] [stdout] 12 |     callbacks: BTreeMap<RawFd, Box<FnMut(usize) -> Result<Option<R>>>>
[INFO] [stdout]    |                                    ^^^^^^^^^^^^^^^^^^^^^^^^^^^^^^^^^ help: use `dyn`: `dyn FnMut(usize) -> Result<Option<R>>`
[INFO] [stdout]    |
[INFO] [stdout]    = note: `#[warn(bare_trait_objects)]` on by default
[INFO] [stdout] 
[INFO] [stdout] 
[INFO] [stdout] warning: trait objects without an explicit `dyn` are deprecated
[INFO] [stdout]   --> src/lib.rs:42:62
[INFO] [stdout]    |
[INFO] [stdout] 42 |     pub fn remove(&mut self, fd: RawFd) -> Result<Option<Box<FnMut(usize) -> Result<Option<R>>>>> {
[INFO] [stdout]    |                                                              ^^^^^^^^^^^^^^^^^^^^^^^^^^^^^^^^^ help: use `dyn`: `dyn FnMut(usize) -> Result<Option<R>>`
[INFO] [stdout] 
[INFO] [stdout] 
[INFO] [stdout] error[E0425]: cannot find function `fevent` in crate `syscall`
[INFO] [stdout]   --> src/lib.rs:34:18
[INFO] [stdout]    |
[INFO] [stdout] 34 |         syscall::fevent(fd as usize, syscall::EVENT_READ).map_err(|x| Error::from_raw_os_error(x.errno))?;
[INFO] [stdout]    |                  ^^^^^^ not found in `syscall`
[INFO] [stdout] 
[INFO] [stdout] 
[INFO] [stdout] error[E0425]: cannot find function `fevent` in crate `syscall`
[INFO] [stdout]   --> src/lib.rs:44:22
[INFO] [stdout]    |
[INFO] [stdout] 44 |             syscall::fevent(fd as usize, 0).map_err(|x| Error::from_raw_os_error(x.errno))?;
[INFO] [stdout]    |                      ^^^^^^ not found in `syscall`
[INFO] [stdout] 
[INFO] [stdout] 
[INFO] [stdout] error: aborting due to 2 previous errors; 2 warnings emitted
[INFO] [stdout] 
[INFO] [stdout] 
[INFO] [stdout] For more information about this error, try `rustc --explain E0425`.
[INFO] [stdout] 
[INFO] [stdout] warning: trait objects without an explicit `dyn` are deprecated
[INFO] [stdout]   --> src/lib.rs:12:36
[INFO] [stdout]    |
[INFO] [stdout] 12 |     callbacks: BTreeMap<RawFd, Box<FnMut(usize) -> Result<Option<R>>>>
[INFO] [stdout]    |                                    ^^^^^^^^^^^^^^^^^^^^^^^^^^^^^^^^^ help: use `dyn`: `dyn FnMut(usize) -> Result<Option<R>>`
[INFO] [stdout]    |
[INFO] [stdout]    = note: `#[warn(bare_trait_objects)]` on by default
[INFO] [stdout] 
[INFO] [stdout] 
[INFO] [stdout] warning: trait objects without an explicit `dyn` are deprecated
[INFO] [stdout]   --> src/lib.rs:42:62
[INFO] [stdout]    |
[INFO] [stdout] 42 |     pub fn remove(&mut self, fd: RawFd) -> Result<Option<Box<FnMut(usize) -> Result<Option<R>>>>> {
[INFO] [stdout]    |                                                              ^^^^^^^^^^^^^^^^^^^^^^^^^^^^^^^^^ help: use `dyn`: `dyn FnMut(usize) -> Result<Option<R>>`
[INFO] [stdout] 
[INFO] [stdout] 
[INFO] [stderr] error: could not compile `redox_event`.
[INFO] [stderr] 
[INFO] [stderr] To learn more, run the command again with --verbose.
[INFO] [stderr] warning: build failed, waiting for other jobs to finish...
[INFO] [stdout] error: aborting due to 2 previous errors; 2 warnings emitted
[INFO] [stdout] 
[INFO] [stdout] 
[INFO] [stdout] For more information about this error, try `rustc --explain E0425`.
[INFO] [stdout] 
[INFO] [stderr] error: build failed
[INFO] running `Command { std: "docker" "inspect" "4528df52d63d604c37e299c4ffa6e15785ef5dd6e5c9c574c59f980a48473ebb", kill_on_drop: false }`
[INFO] running `Command { std: "docker" "rm" "-f" "4528df52d63d604c37e299c4ffa6e15785ef5dd6e5c9c574c59f980a48473ebb", kill_on_drop: false }`
[INFO] [stdout] 4528df52d63d604c37e299c4ffa6e15785ef5dd6e5c9c574c59f980a48473ebb
